{"id":344,"date":"2021-08-19T07:48:11","date_gmt":"2021-08-19T07:48:11","guid":{"rendered":"https:\/\/www.crambo.eu\/landings\/?page_id=344"},"modified":"2021-12-14T12:39:31","modified_gmt":"2021-12-14T12:39:31","slug":"yealink","status":"publish","type":"page","link":"https:\/\/www.crambo.eu\/landings\/yealink\/","title":{"rendered":"Yealink"},"content":{"rendered":"<div class=\"wpb-content-wrapper\"><p>[vc_row css_animation=\u00bb\u00bb row_type=\u00bbrow\u00bb use_row_as_full_screen_section=\u00bbno\u00bb type=\u00bbfull_width\u00bb angled_section=\u00bbno\u00bb text_align=\u00bbleft\u00bb background_image_as_pattern=\u00bbwithout_pattern\u00bb css=\u00bb.vc_custom_1629453775462{background-image: url(https:\/\/www.crambo.eu\/landings\/wp-content\/uploads\/2021\/08\/yealink_slide.jpg?id=396) !important;}\u00bb z_index=\u00bb\u00bb][vc_column][vc_row_inner row_type=\u00bbrow\u00bb type=\u00bbfull_width\u00bb text_align=\u00bbleft\u00bb css_animation=\u00bb\u00bb][vc_column_inner width=\u00bb1\/4&#8243;][\/vc_column_inner][vc_column_inner width=\u00bb1\/4&#8243;][vc_empty_space height=\u00bb50px\u00bb][vc_single_image image=\u00bb404&#8243; img_size=\u00bbfull\u00bb alignment=\u00bbcenter\u00bb qode_css_animation=\u00bb\u00bb][vc_empty_space height=\u00bb30px\u00bb][\/vc_column_inner][vc_column_inner width=\u00bb1\/4&#8243;][vc_empty_space height=\u00bb50px\u00bb][vc_single_image image=\u00bb403&#8243; img_size=\u00bbfull\u00bb alignment=\u00bbcenter\u00bb qode_css_animation=\u00bb\u00bb][vc_empty_space height=\u00bb30px\u00bb][\/vc_column_inner][vc_column_inner width=\u00bb1\/4&#8243;][\/vc_column_inner][\/vc_row_inner][vc_row_inner row_type=\u00bbrow\u00bb type=\u00bbgrid\u00bb text_align=\u00bbcenter\u00bb css_animation=\u00bb\u00bb][vc_column_inner][vc_empty_space height=\u00bb80px\u00bb][vc_column_text]<\/p>\n<h2 style=\"text-align: center; color: #eee;\"><strong>Soluciones Yealink para videoconferencia:<\/strong> La mayor gama, f\u00e1cil de implementar y usar, certificadas y con el mejor servicio y precio<\/h2>\n<p>[\/vc_column_text][vc_empty_space height=\u00bb100px\u00bb][\/vc_column_inner][\/vc_row_inner][vc_row_inner row_type=\u00bbrow\u00bb type=\u00bbfull_width\u00bb text_align=\u00bbleft\u00bb css_animation=\u00bb\u00bb][vc_column_inner width=\u00bb1\/4&#8243;][\/vc_column_inner][vc_column_inner width=\u00bb1\/4&#8243;][vc_empty_space height=\u00bb20px\u00bb][vc_single_image image=\u00bb362&#8243; img_size=\u00bbfull\u00bb alignment=\u00bbcenter\u00bb qode_css_animation=\u00bb\u00bb][vc_empty_space height=\u00bb50px\u00bb][\/vc_column_inner][vc_column_inner width=\u00bb1\/4&#8243;][vc_single_image image=\u00bb363&#8243; img_size=\u00bbfull\u00bb alignment=\u00bbcenter\u00bb qode_css_animation=\u00bb\u00bb][vc_empty_space height=\u00bb50px\u00bb][\/vc_column_inner][vc_column_inner width=\u00bb1\/4&#8243;][\/vc_column_inner][\/vc_row_inner][\/vc_column][\/vc_row][vc_row css_animation=\u00bb\u00bb row_type=\u00bbrow\u00bb use_row_as_full_screen_section=\u00bbno\u00bb type=\u00bbgrid\u00bb angled_section=\u00bbno\u00bb text_align=\u00bbleft\u00bb background_image_as_pattern=\u00bbwithout_pattern\u00bb z_index=\u00bb\u00bb][vc_column][vc_empty_space height=\u00bb70px\u00bb][vc_column_text]<\/p>\n<p style=\"text-align: center; font-size: 24px;\">Con la filosof\u00eda <b><i>keep it simple<\/i><\/b>, <em>no te compliques<\/em>. Crambo y Yealink te traen la <b>mejor soluci\u00f3n de videoconferencia m\u00e1s completa y al mejor precio con el mayor experto <\/b>del mercado espa\u00f1ol.<\/p>\n<p>[\/vc_column_text][vc_empty_space height=\u00bb50px\u00bb][vc_row_inner row_type=\u00bbrow\u00bb type=\u00bbfull_width\u00bb text_align=\u00bbleft\u00bb css_animation=\u00bb\u00bb][vc_column_inner width=\u00bb1\/2&#8243;][vc_video link=\u00bbhttps:\/\/youtu.be\/9MLnly_kbfw\u00bb][\/vc_column_inner][vc_column_inner width=\u00bb1\/2&#8243;][vc_video link=\u00bbhttps:\/\/www.youtube.com\/watch?v=cqz8v0wFDF0&#8243;][\/vc_column_inner][\/vc_row_inner][vc_empty_space height=\u00bb80px\u00bb][vc_row_inner row_type=\u00bbrow\u00bb type=\u00bbfull_width\u00bb text_align=\u00bbleft\u00bb css_animation=\u00bb\u00bb][vc_column_inner width=\u00bb1\/2&#8243;][vc_column_text]<span style=\"font-size: 19px;\"><b>F\u00e1cil <\/b><b>de implementar. <\/b>1 cable<\/span><\/p>\n<p>Las instalaciones de otras soluciones son demasiado complejas de implementar, m\u00e1s cables, m\u00e1s largos, m\u00e1s caros, con m\u00e1s tiempo de instalaci\u00f3n, con m\u00e1s posibles problemas\u2026 Yealink aplica la l\u00f3gica. Si lo puedes hacer con 1 cable en vez de con 5, mejor. <b>M\u00e1s f\u00e1cil.<\/b>[\/vc_column_text][vc_empty_space height=\u00bb50px\u00bb][\/vc_column_inner][vc_column_inner width=\u00bb1\/2&#8243;][vc_column_text]<span style=\"font-size: 19px;\"><b>F\u00e1cil de usar.<\/b> 1 <i>Clic<\/i>&#8230; Funciona\u2026y ya est\u00e1!<\/span><\/p>\n<p>Las soluciones <b>Yealink<\/b> est\u00e1n basadas en <b><i>plug and play<\/i><\/b>. En muchos modelos, s\u00f3lo con pulsar un bot\u00f3n funciona. Es el sue\u00f1o de todo responsable y usuario. Simplemente funciona a prueba de los usuarios m\u00e1s exigentes y menos t\u00e9cnicos. La mejor imagen se da en los detalles. <b>A\u00fan m\u00e1s f\u00e1cil.<\/b>[\/vc_column_text][vc_empty_space height=\u00bb50px\u00bb][\/vc_column_inner][\/vc_row_inner][vc_single_image image=\u00bb357&#8243; img_size=\u00bbfull\u00bb alignment=\u00bbcenter\u00bb qode_css_animation=\u00bb\u00bb][\/vc_column][\/vc_row][vc_row css_animation=\u00bb\u00bb row_type=\u00bbrow\u00bb use_row_as_full_screen_section=\u00bbno\u00bb type=\u00bbfull_width\u00bb angled_section=\u00bbno\u00bb text_align=\u00bbleft\u00bb background_image_as_pattern=\u00bbwithout_pattern\u00bb z_index=\u00bb\u00bb css=\u00bb.vc_custom_1629365638470{background-color: #010b49 !important;}\u00bb][vc_column][vc_empty_space height=\u00bb50px\u00bb][vc_row_inner row_type=\u00bbrow\u00bb type=\u00bbgrid\u00bb text_align=\u00bbleft\u00bb css_animation=\u00bb\u00bb][vc_column_inner][vc_column_text]<\/p>\n<p style=\"text-align: center; color: #eee; font-size: 24px;\"><b>Microsoft TEAMS &amp; Zoom:<br \/>\nCertificadas, <\/b>calidad contrastada por las principales plataformas de videoconferencia<\/p>\n<p>[\/vc_column_text][vc_empty_space height=\u00bb35px\u00bb][vc_column_text]<\/p>\n<p style=\"color: #eeeeee; text-align: left;\">Todos sabemos lo complejo que puede resultar que funcionen las videoconferencias adecuadamente. <strong>La mayor\u00eda de fabricantes de equipos de videoconferencia disponen de soluciones que son \u201ccompatibles\u201d, pero no est\u00e1n certificadas por Microsoft para Teams o por Zoom.<\/strong> No lo decimos nosotros, lo dicen Microsoft y Zoom. Si usas estas plataformas, aseg\u00farate de que tu pr\u00f3ximo sistema est\u00e9 certificado\u2026 Sin sorpresas. <strong>M\u00e1s seguridad<\/strong><\/p>\n<p style=\"color: #eeeeee; text-align: left; margin-top: 10px;\"><strong>BYOD? Cada cual trae su equipo&#8230;<\/strong> Las soluciones de Yealink consiguen que otras soluciones BYOD se ruboricen por sus caracter\u00edsticas, versatilidad y precio.<\/p>\n<p>[\/vc_column_text][vc_empty_space height=\u00bb40px\u00bb][\/vc_column_inner][\/vc_row_inner][vc_row_inner row_type=\u00bbrow\u00bb type=\u00bbgrid\u00bb text_align=\u00bbleft\u00bb css_animation=\u00bb\u00bb][vc_column_inner width=\u00bb1\/4&#8243;][\/vc_column_inner][vc_column_inner width=\u00bb1\/4&#8243;][vc_empty_space height=\u00bb20px\u00bb][vc_single_image image=\u00bb362&#8243; img_size=\u00bbfull\u00bb alignment=\u00bbcenter\u00bb qode_css_animation=\u00bb\u00bb][vc_empty_space height=\u00bb20px\u00bb][\/vc_column_inner][vc_column_inner width=\u00bb1\/4&#8243;][vc_single_image image=\u00bb363&#8243; img_size=\u00bbfull\u00bb alignment=\u00bbcenter\u00bb qode_css_animation=\u00bb\u00bb][vc_empty_space height=\u00bb20px\u00bb][\/vc_column_inner][vc_column_inner width=\u00bb1\/4&#8243;][\/vc_column_inner][\/vc_row_inner][vc_empty_space height=\u00bb50px\u00bb][\/vc_column][\/vc_row][vc_row css_animation=\u00bb\u00bb row_type=\u00bbrow\u00bb use_row_as_full_screen_section=\u00bbno\u00bb type=\u00bbgrid\u00bb angled_section=\u00bbno\u00bb text_align=\u00bbleft\u00bb background_image_as_pattern=\u00bbwithout_pattern\u00bb z_index=\u00bb\u00bb][vc_column][vc_empty_space height=\u00bb70px\u00bb][vc_single_image image=\u00bb401&#8243; img_size=\u00bbfull\u00bb alignment=\u00bbcenter\u00bb qode_css_animation=\u00bb\u00bb][vc_empty_space height=\u00bb50px\u00bb][vc_column_text]<\/p>\n<p style=\"margin-bottom: 10px; font-size: 22px; text-align: center;\"><strong>La gama m\u00e1s completa<\/strong><\/p>\n<p style=\"margin-bottom: 30px;\">Las soluciones van desde <strong>salas de reuniones peque\u00f1as hasta las grandes salas<\/strong>, pasando por equipamiento para <strong>formaciones<\/strong> o clases. Equipos para disfrutar de la mejor calidad en <strong>videoconferencia, tambi\u00e9n desde casa<\/strong>. Con soluciones \u00fanicas de Yealink y \u00faltimas tecnolog\u00edas.<\/p>\n<p style=\"margin-bottom: 10px; font-size: 22px; text-align: center;\"><b>Servicio 5 Estrellas<\/b><\/p>\n<p style=\"margin-bottom: 30px;\"><strong>Crambo<\/strong> es una empresa espa\u00f1ola con <strong>35 a\u00f1os de experiencia y servicio en toda Espa\u00f1a<\/strong> y gran parte de Latinoam\u00e9rica. <strong>Con t\u00e9cnicos en todas las regiones y sistemas de garant\u00eda con sustituci\u00f3n inmediata de los equipos para que tu empresa no se pare nunca.<\/strong><\/p>\n<p style=\"margin-bottom: 10px; font-size: 22px; text-align: center;\"><b>Con los mejores precios<\/b><\/p>\n<p style=\"margin-bottom: 10px;\">Adem\u00e1s de ser las que tienen las mayores certificaciones, las m\u00e1s f\u00e1ciles de usar, con el mejor servicio\u2026<\/p>\n<p style=\"margin-bottom: 10px;\">Las soluciones Yealink <strong>son las m\u00e1s competitivas en precio, Yealink con 19 a\u00f1os de experiencia, es l\u00edder mundial<\/strong> en varias \u00e1reas de la comunicaci\u00f3n por voz e imagen. Posee <strong>una estructura moderna en I + D, fabricaci\u00f3n y distribuci\u00f3n<\/strong>, lo que permite que los precios sean siempre m\u00e1s competitivos que otras empresas con <strong>estructuras anticuadas<\/strong> y con necesidades de grandes m\u00e1rgenes y <strong>precios m\u00e1s altos<\/strong>. Con una media de un <strong>30% de menor coste<\/strong> con respecto a otras soluciones de mercado. <strong>M\u00e1s econ\u00f3mico.<\/strong><\/p>\n<p style=\"margin-bottom: 10px;\"><strong>Ap\u00fantate a nuestras demos expr\u00e9s personalizadas desde 10 minutos<\/strong> para ahorrar miles de horas de espera, miles de euros y mejorar la imagen de tu empresa. <strong>Todas las videoconferencias deber\u00edan ser as\u00ed de sencillas.<\/strong><\/p>\n<p>[\/vc_column_text][vc_empty_space height=\u00bb70px\u00bb][\/vc_column][\/vc_row][vc_row css_animation=\u00bb\u00bb row_type=\u00bbrow\u00bb use_row_as_full_screen_section=\u00bbno\u00bb type=\u00bbgrid\u00bb angled_section=\u00bbno\u00bb text_align=\u00bbleft\u00bb background_image_as_pattern=\u00bbwithout_pattern\u00bb z_index=\u00bb\u00bb][vc_column width=\u00bb2\/3&#8243;][vc_single_image image=\u00bb399&#8243; img_size=\u00bbfull\u00bb alignment=\u00bbcenter\u00bb qode_css_animation=\u00bb\u00bb][\/vc_column][vc_column width=\u00bb1\/3&#8243;][vc_empty_space height=\u00bb20px\u00bb][vc_single_image image=\u00bb389&#8243; img_size=\u00bbfull\u00bb alignment=\u00bbcenter\u00bb qode_css_animation=\u00bb\u00bb][vc_empty_space height=\u00bb70px\u00bb][\/vc_column][\/vc_row][vc_row css_animation=\u00bb\u00bb row_type=\u00bbrow\u00bb use_row_as_full_screen_section=\u00bbno\u00bb type=\u00bbfull_width\u00bb angled_section=\u00bbno\u00bb text_align=\u00bbleft\u00bb background_image_as_pattern=\u00bbwithout_pattern\u00bb css=\u00bb.vc_custom_1639484210342{background-color: #ededed !important;}\u00bb z_index=\u00bb\u00bb el_id=\u00bbform\u00bb][vc_column width=\u00bb1\/4&#8243;][\/vc_column][vc_column width=\u00bb1\/2&#8243;][vc_empty_space height=\u00bb70px\u00bb][vc_column_text]<\/p>\n<p style=\"text-align: center;\"><strong>\u00bfAlguna duda? Nosotros te asesoremos en tus proyectos.<\/strong><\/p>\n<p style=\"text-align: center;\"><strong>REG\u00cdSTRATE Y RECIBIR\u00c1S LA <strong>GU\u00cdA DE TRABAJO H\u00cdBRIDO PARA TRABAJADORES EN REMOTO<\/strong><\/strong><\/p>\n<p style=\"text-align: center; margin-bottom: 15px;\"><strong>O <strong>solicita una demo<\/strong> y descubre todo el potencial de Yealink.<\/strong><\/p>\n<p>[\/vc_column_text]<div role=\"form\" class=\"wpcf7\" id=\"wpcf7-f382-o1\" lang=\"es-ES\" dir=\"ltr\">\n<div class=\"screen-reader-response\"><p role=\"status\" aria-live=\"polite\" aria-atomic=\"true\"><\/p> <ul><\/ul><\/div>\n<form action=\"\/landings\/wp-json\/wp\/v2\/pages\/344#wpcf7-f382-o1\" method=\"post\" class=\"wpcf7-form init default\" novalidate=\"novalidate\" data-status=\"init\">\n<div style=\"display: none;\">\n<input type=\"hidden\" name=\"_wpcf7\" value=\"382\" \/>\n<input type=\"hidden\" name=\"_wpcf7_version\" value=\"5.4.2\" \/>\n<input type=\"hidden\" name=\"_wpcf7_locale\" value=\"es_ES\" \/>\n<input type=\"hidden\" name=\"_wpcf7_unit_tag\" value=\"wpcf7-f382-o1\" \/>\n<input type=\"hidden\" name=\"_wpcf7_container_post\" value=\"0\" \/>\n<input type=\"hidden\" name=\"_wpcf7_posted_data_hash\" value=\"\" \/>\n<\/div>\n<div id=\"responsive-form\" class=\"clearfix\">\n<div class=\"form-row\">\n<div class=\"column-half\"><label><span class=\"wpcf7-form-control-wrap nombre\"><input type=\"text\" name=\"nombre\" value=\"\" size=\"40\" class=\"wpcf7-form-control wpcf7-text wpcf7-validates-as-required\" aria-required=\"true\" aria-invalid=\"false\" placeholder=\"Nombre *\" \/><\/span><\/label><\/div>\n<div class=\"column-half\"><label><span class=\"wpcf7-form-control-wrap apellido\"><input type=\"text\" name=\"apellido\" value=\"\" size=\"40\" class=\"wpcf7-form-control wpcf7-text wpcf7-validates-as-required\" aria-required=\"true\" aria-invalid=\"false\" placeholder=\"Apellido *\" \/><\/span><\/label><\/div>\n<\/div>\n<\/div>\n<div id=\"responsive-form\" class=\"clearfix\">\n<div class=\"form-row\">\n<div class=\"column-half\"><label><span class=\"wpcf7-form-control-wrap email\"><input type=\"text\" name=\"email\" value=\"\" size=\"40\" class=\"wpcf7-form-control wpcf7-text wpcf7-validates-as-required\" aria-required=\"true\" aria-invalid=\"false\" placeholder=\"Correo Electr\u00f3nico *\" \/><\/span><\/label><\/div>\n<div class=\"column-half\"><label><span class=\"wpcf7-form-control-wrap telefono\"><input type=\"text\" name=\"telefono\" value=\"\" size=\"40\" class=\"wpcf7-form-control wpcf7-text\" aria-invalid=\"false\" placeholder=\"Tel\u00e9fono\" \/><\/span><\/label><\/div>\n<\/div>\n<\/div>\n<div id=\"responsive-form\" class=\"clearfix\">\n<div class=\"form-row\">\n<div class=\"column-full\"><label><span class=\"wpcf7-form-control-wrap obs\"><textarea name=\"obs\" cols=\"40\" rows=\"10\" class=\"wpcf7-form-control wpcf7-textarea\" aria-invalid=\"false\" placeholder=\"Observaciones\"><\/textarea><\/span><\/label><\/div>\n<\/div>\n<\/div>\n<div id=\"responsive-form\" class=\"clearfix\">\n<div class=\"form-row\">\n<div class=\"column-full\"><label>Quiero una demo:<\/label><\/div>\n<\/div>\n<\/div>\n<div id=\"responsive-form\" class=\"clearfix\">\n<div class=\"form-row\">\n<div class=\"column-half\"><label><span class=\"wpcf7-form-control-wrap fecha\"><input type=\"date\" name=\"fecha\" value=\"\" class=\"wpcf7-form-control wpcf7-date wpcf7-validates-as-date\" aria-invalid=\"false\" \/><\/span><\/label><\/div>\n<div class=\"column-half\"><label><span class=\"wpcf7-form-control-wrap hora\"><input type=\"text\" name=\"hora\" value=\"\" size=\"40\" class=\"wpcf7-form-control wpcf7-text\" aria-invalid=\"false\" placeholder=\"Hora\" \/><\/span><\/label><\/div>\n<\/div>\n<\/div>\n<div id=\"responsive-form\" class=\"clearfix\">\n<div class=\"form-row\">\n<div class=\"column-full\"><label><span class=\"wpcf7-form-control-wrap politicacrambo\"><span class=\"wpcf7-form-control wpcf7-acceptance\"><span class=\"wpcf7-list-item\"><input type=\"checkbox\" name=\"politicacrambo\" value=\"1\" aria-invalid=\"false\" \/><\/span><\/span><\/span> He le\u00eddo y acepto la <a href=\"https:\/\/www.crambo.eu\/es\/terminos-legales\/\" target=\"_blank\">Pol\u00edtica de privacidad<\/a> de Crambo<\/label><\/div>\n<\/div>\n<\/div>\n<div id=\"responsive-form\" class=\"clearfix\">\n<div class=\"column-full\"><input type=\"submit\" value=\"Enviar\" class=\"wpcf7-form-control wpcf7-submit\" \/><\/div>\n<\/div>\n<\/div>\n<div class=\"wpcf7-response-output\" aria-hidden=\"true\"><\/div><\/form><\/div>[vc_empty_space height=\u00bb70px\u00bb][\/vc_column][vc_column width=\u00bb1\/4&#8243;][\/vc_column][\/vc_row][vc_row css_animation=\u00bb\u00bb row_type=\u00bbrow\u00bb use_row_as_full_screen_section=\u00bbno\u00bb type=\u00bbgrid\u00bb angled_section=\u00bbno\u00bb text_align=\u00bbleft\u00bb background_image_as_pattern=\u00bbwithout_pattern\u00bb z_index=\u00bb\u00bb][vc_column width=\u00bb1\/4&#8243;][\/vc_column][vc_column width=\u00bb1\/2&#8243;][vc_empty_space height=\u00bb40px\u00bb][vc_column_text]<\/p>\n<p style=\"font-size: 12px;\">Crambo, S.A Calle Torneros, 7 28830 San Fernando de Henares<br \/>\nL\u00edder en soluciones audiovisuales para empresas y ense\u00f1anza<br \/>\n35 a\u00f1os de experiencia<\/p>\n<p>[\/vc_column_text][vc_empty_space height=\u00bb40px\u00bb][\/vc_column][vc_column width=\u00bb1\/4&#8243;][\/vc_column][\/vc_row]<\/p>\n<\/div>","protected":false},"excerpt":{"rendered":"<p>[vc_row css_animation=\u00bb\u00bb row_type=\u00bbrow\u00bb use_row_as_full_screen_section=\u00bbno\u00bb type=\u00bbfull_width\u00bb angled_section=\u00bbno\u00bb text_align=\u00bbleft\u00bb background_image_as_pattern=\u00bbwithout_pattern\u00bb css=\u00bb.vc_custom_1629453775462{background-image: url(https:\/\/www.crambo.eu\/landings\/wp-content\/uploads\/2021\/08\/yealink_slide.jpg?id=396) !important;}\u00bb z_index=\u00bb\u00bb][vc_column][vc_row_inner row_type=\u00bbrow\u00bb type=\u00bbfull_width\u00bb text_align=\u00bbleft\u00bb css_animation=\u00bb\u00bb][vc_column_inner width=\u00bb1\/4&#8243;][\/vc_column_inner][vc_column_inner width=\u00bb1\/4&#8243;][vc_empty_space height=\u00bb50px\u00bb][vc_single_image image=\u00bb404&#8243; img_size=\u00bbfull\u00bb alignment=\u00bbcenter\u00bb qode_css_animation=\u00bb\u00bb][vc_empty_space height=\u00bb30px\u00bb][\/vc_column_inner][vc_column_inner width=\u00bb1\/4&#8243;][vc_empty_space height=\u00bb50px\u00bb][vc_single_image image=\u00bb403&#8243; img_size=\u00bbfull\u00bb alignment=\u00bbcenter\u00bb qode_css_animation=\u00bb\u00bb][vc_empty_space height=\u00bb30px\u00bb][\/vc_column_inner][vc_column_inner width=\u00bb1\/4&#8243;][\/vc_column_inner][\/vc_row_inner][vc_row_inner row_type=\u00bbrow\u00bb type=\u00bbgrid\u00bb text_align=\u00bbcenter\u00bb css_animation=\u00bb\u00bb][vc_column_inner][vc_empty_space height=\u00bb80px\u00bb][vc_column_text] Soluciones Yealink para videoconferencia: La mayor gama, f\u00e1cil&#8230;<\/p>\n","protected":false},"author":1,"featured_media":0,"parent":0,"menu_order":0,"comment_status":"closed","ping_status":"closed","template":"landing_page.php","meta":[],"_links":{"self":[{"href":"https:\/\/www.crambo.eu\/landings\/wp-json\/wp\/v2\/pages\/344"}],"collection":[{"href":"https:\/\/www.crambo.eu\/landings\/wp-json\/wp\/v2\/pages"}],"about":[{"href":"https:\/\/www.crambo.eu\/landings\/wp-json\/wp\/v2\/types\/page"}],"author":[{"embeddable":true,"href":"https:\/\/www.crambo.eu\/landings\/wp-json\/wp\/v2\/users\/1"}],"replies":[{"embeddable":true,"href":"https:\/\/www.crambo.eu\/landings\/wp-json\/wp\/v2\/comments?post=344"}],"version-history":[{"count":53,"href":"https:\/\/www.crambo.eu\/landings\/wp-json\/wp\/v2\/pages\/344\/revisions"}],"predecessor-version":[{"id":838,"href":"https:\/\/www.crambo.eu\/landings\/wp-json\/wp\/v2\/pages\/344\/revisions\/838"}],"wp:attachment":[{"href":"https:\/\/www.crambo.eu\/landings\/wp-json\/wp\/v2\/media?parent=344"}],"curies":[{"name":"wp","href":"https:\/\/api.w.org\/{rel}","templated":true}]}}